 by 24?
23
Let m be -11 + (7 - 0) + 3 + 0. What is the remainder when 260 is divided by (77/14)/(((-1)/12)/m)?
62
Let t = 208 - 142. Suppose t*b - 69 = 63*b. What is the remainder when 68 is divided by b?
22
Suppose 0 = -4*w - 4 - 28. Let m(q) = 3*q**2 + 21*q - 123. Calculate the remainder when m(4) is divided by 3 + -3 - (1 + w).
2
Suppose 4793*n = 4795*n - 3296. Calculate the remainder when n is divided by 7.
3
Suppose -31*d = -23*d - 368. Let x = -3 + d. Calculate the remainder when 17*-1*(-6 + 1) is divided by x.
42
Suppose 4*q + 241 = r, 5*r = 10*r + 4*q - 1061. Calculate the remainder when 2168 is divided by r.
215
Let o = -17240 - -17513. Calculate the remainder when 379 is divided by o.
106
Let k be 327/6*60/(-10). Let h = k - -469. Calculate the remainder when h is divided by 24.
22
Suppose -5 = -5*w + 3*w + 5*b, 3*w = -b - 35. Let h = 80 + w. Suppose h = -2*l + 4*l. What is the remainder when 68 is divided by l?
33
Calculate the remainder when 1796/3 - (-8)/32*36/27 is divided by 189.
32
Let x = -394 + 399. Suppose x*c = -4*l + 1618, -7*l - 3*c + 1215 = -4*l. What is the remainder when l is divided by 34?
33
Suppose q - 5*f + 309 = 0, 336 = 6*q - 7*q - 4*f. Let a = q + 474. Calculate the remainder when a is divided by 31.
26
Let l be ((-35)/(-20))/((-2)/168). Let h = -124 - l. Let u = 60 + -20. What is the remainder when u is divided by h?
17
Suppose 0 = 5*z - 20, 5*z - 5 = a - 1. Suppose 1067 = a*o - 5189. Calculate the remainder when o is divided by 8.
7
Suppose 50*c + 110 = 5*n + 54*c, 0 = -5*n + 2*c + 140. What is the remainder when 143 is divided by n?
13
Suppose 3*a + 9*i - 4*i = -2, 0 = 2*a - 2*i - 20. Suppose 0 = -a*y + 3*y + 12. What is the remainder when 11 is divided by y?
3
Let x = 176 + -101. Suppose 28 = i + 5*j, -919*i - j = -922*i + 36. What is the remainder when x is divided by i?
10
Suppose -5*j + 26 = -5*y - 9, -5*j - 2*y + 7 = 0. Suppose -j*l + 0*l - v = -16, -20 = 4*v. Calculate the remainder when l is divided by 3.
1
Let p(d) = -78*d**2 + 470*d + 2. What is the remainder when 501 is divided by p(6)?
11
What is the remainder when 143 is divided by (220/16)/(-11)*(0 - (-60)/(-5))?
8
Let r be (0/1)/(0 - 1). Suppose 7*o + r*o - 21 = 0. Suppose -2*x = -o*x + 25. Calculate the remainder when x is divided by 9.
7
Suppose 1620 = -6820*d + 6830*d. Calculate the remainder when 7771 is divided by d.
157
Calculate the remainder when (120 + -2)/2 - 0 is divided by 11/((-594)/(-852)) - (-10)/45.
11
Let m(b) = -216*b + 1188. What is the remainder when 2266 is divided by m(5)?
106
Let p(t) = 2*t**3 + 10*t**2 - 14*t - 12. Suppose -m + 6 = 4*v, -m - v = v. Let j be p(m). Calculate the remainder when 27 is divided by (0 - j)/2 - (-9 + 5).
3
Let k = 4740 + -4641. Suppose 3*o = -4*f + 84, -3*f - 2*o + 42 = -f. Calculate the remainder when k is divided by f.
15
Let b = -20261 + 20610. Calculate the remainder when 767 is divided by b.
69
Let x(v) = 10*v + 14. Let n be (23/7 - 3)*(3 + 18). Calculate the remainder when x(n) is divided by 19.
17
Suppose 17*a - 1089 = 1172. Let t be 8*((-51)/4)/(-1). Suppose -2*j - j + t = 0. What is the remainder when a is divided by j?
31
Suppose 2*r - 67*x = -69*x + 496, 3*x = -9. Calculate the remainder when 499 is divided by r.
248
Suppose -22 = -3*b + 263. Let n(w) = w**2 + 10*w + 21. Let g be n(-8). Suppose 7*k - 85 = 2*k + g*d, 45 = 3*k - d. What is the remainder when b is divided by k?
11
Let g = -114 - -127. Suppose 0 = -4*b + g*b. Suppose b = -4*n + 131 + 45. Calculate the remainder when 218 is divided by n.
42
Suppose -3*r + 4*n = -40, -45*r + 42*r - 2*n + 70 = 0. What is the remainder when (4 - 1 - 919)/(-2) is divided by r?
18
Suppose 2*h + 142 - 904 = 0. Let s(g) = -g - 5. What is the remainder when h is divided by s(-29)?
21
Let m = 640 - 427. Let l be (-8)/(-1 + -1) - 2. Suppose n - m = -l*n. What is the remainder when n is divided by 12?
11
Suppose 0 = 18*x - 16 - 20. Suppose 0 = -2*d - x*d + 76. Calculate the remainder when d is divided by 12.
7
Let x(i) = -6*i**2 - 122*i + 670. Let o(q) = q**2 - q - 1. What is the remainder when x(4) is divided by o(-5)?
28
Let r = -6253 - -6258. Let i = -8 - -12. Suppose 4*n = -n - 4*x + 77, i*n + r*x = 67. What is the remainder when 22 is divided by n?
9
Suppose -378 = -23*g + 3808. What is the remainder when 230 is divided by g?
48
Let y(t) = 15*t**3 + 20*t**2 + 7*t + 17. What is the remainder when y(5) is divided by 28?
19
Suppose -9 = -f + 5. Suppose 0 = -3*r - 12, -4*k + 0*k - 4*r = 36. Let o(z) = 12*z + 98. Calculate the remainder when o(k) is divided by f.
10
Let x = 19 + -4. Calculate the remainder when 3/(-2)*(-18 - -42 - 38) is divided by x.
6
Let f(q) be the third derivative of -7*q**4/12 - 15*q**3/2 + 65*q**2. What is the remainder when 104 is divided by f(-7)?
51
Suppose -4*q + 5*q - 2 = 0. Let j be (-2)/q + (2 + -2 - 41). Let z = j - -54. What is the remainder when 34 is divided by z?
10
Suppose -a - 804 = -3*h, 0*h = -4*h + a + 1074. What is the remainder when h is divided by 244?
26
Let t(z) = 163*z**3 + 28*z**2 - 150*z - 41. Calculate the remainder when t(5) is divided by 207.
205
Suppose -2*z = -4*i + 198, 0*i = 4*i + 3*z - 203. What is the remainder when 83 - -5*(-70)/(-50) is divided by i?
40
Let h(n) = 270*n**2 - 10*n + 18. Suppose -33*o = -38*o + 175. Calculate the remainder when h(1) is divided by o.
33
Suppose -2691 = -16*t + 7*t - 30*t. Let w(s) = s**2 + 5*s + 10. Calculate the remainder when t is divided by w(-7).
21
Suppose 7*y - 8 = 3*y, s + 2*y - 127 = 0. Let o = s - 93. Calculate the remainder when 3*-33*16/(-18) is divided by o.
28
Let r be (2 - 0/1) + -2. Let z = -3423 - -3464. Suppose -2*q - q - 4*b + z = r, -5*q + 79 = -4*b. What is the remainder when 43 is divided by q?
13
Let y(n) = -7*n + 73 + 211*n**3 - 210*n**3 - 30 - 2*n**2. Calculate the remainder when 386 is divided by y(0).
42
Suppose -12*b + 16 = -4*b. Suppose b*d = -19*d + 1155. Calculate the remainder when d is divided by (1/(-2))/((-1)/40).
15
Suppose -4*y + 382 + 30 = 0. Let o(j) = -7*j + 84. Suppose 5*m = -13*t + 17*t + 51, 2*m = -4*t - 2. Calculate the remainder when y is divided by o(m).
33
Suppose -72*p = 188*p - 423540. What is the remainder when p is divided by 48?
45
What is the remainder when 545 is divided by (8 - 9) + (108 - -8) + -1?
89
Let z(i) = 2*i**2 + 4*i - 5*i - 6*i - 6*i - 4. Calculate the remainder when z(9) is divided by ((-5 + -1)/2)/((-44)/88).
5
Let o(r) = 12*r**2 + 34*r - 98. Let z be o(4). Let c = -188 + z. Calculate the remainder when 163 is divided by c.
37
Let d(o) = -o**3 + 5*o**2 - 2. Suppose 0 = 4*u - 19 - 1. Suppose -4*l + 231 = u*h, -5*l + 4*l = -4*h - 63. Calculate the remainder when l is divided by d(3).
11
Suppose w + 0*w = -2*u - 12, 4*u = w - 12. Let z(i) = -i**3 - 5*i**2 - 9*i + 2. What is the remainder when 100 is divided by z(u)?
12
Let p(c) = c**2 + 9*c - 51. Suppose -41*i - 10 = -43*i. Calculate the remainder when 54 is divided by p(i).
16
Suppose 269*v - 322*v = -165731. Calculate the remainder when v is divided by 23.
22
Suppose 3*d - 44*y + 47*y - 1308 = 0, -5*d + 4*y = -2216. What is the remainder when d is divided by 93?
68
Suppose -36 = -2*a - 5*y + 7*y, -5*y + 5 = 0. Suppose -v + 3 = -a. Suppose -3*x = -7*x + 52. What is the remainder when v is divided by x?
9
Suppose -34*h = 10*h + 194*h - 65212. Suppose 4*f - 18 = -i, 0 = 2*i - f + 6*f - 27. What is the remainder when h is divided by i?
4
Let t = 9227 - 9192. What is the remainder when 2553 is divided by t?
33
Let c(x) = -23*x - 1. Suppose 15*k + 5800 = -5*k. Let r = 302 + k. What is the remainder when c(-2) is divided by r?
9
Let h be 1 - (4 - 1/((-3)/(-30))). Suppose h*o - 29 = 6. Let z = 15 + -2. Calculate the remainder when z is divided by o.
3
Suppose 12*k - 308 + 1036 = 38*k. What is the remainder when 1604 is divided by k?
8
Let a be 3/(1 + 798/(-816)). Suppose -13*j = -17*j + a. What is the remainder when 234 is divided by j?
30
Calculate the remainder when 77/66 - (-196011)/54 is divided by 29.
6
Suppose 19*i - 23*i + 277 = -n, -n = 5. Suppose -36*d = -37*d + i. Calculate the remainder when d is divided by 37.
31
Let j(r) = r**2 - 40*r + 421. Calculate the remainder when 34 is divided by j(23).
4
Suppose -r + 26 - 13 = 0. Let b(w) = 15*w -